+ -1*5. Let d = -6 + 9. Let t(j) = 3*j - d + 4 + 5 - g*j. Determine t(0).
6
Suppose 0 = -3*p + 9*p - 30. Suppose -k = -5, -u - 2*k = 2*k - 18. Let i be p/(-2) + 1/u. Let a(d) = 2*d**2 + 4*d + 3. Give a(i).
9
Suppose v = 3*v + 4*w - 22, 0 = -4*v - 3*w + 24. Let r = -8 - -14. Let n(f) = r*f**2 - f**2 - v*f - f**3 + 10*f - 8. Calculate n(6).
-2
Let y(m) = -m + 1. Let t(q) = -6*q + 0*q - 293 + 305. Let u(b) = t(b) - 12*y(b). Give u(2).
12
Suppose -3 = 3*b + 3, -b + 9 = -a. Let j = 13 + a. Suppose -u = k + j, 3*u = 5*k - 0*u + 18. Let r(q) = -q**3 - 5*q**2 - 5*q - 2. Determine r(k).
-5
Let z(c) = c**3 - 3*c**2 - 8*c - 2. Let a(k) = -4*k**3 + 12*k**2 + 34*k + 8. Let i(q) = -2*a(q) - 9*z(q). Give i(4).
2
Let n(j) = -5*j - 16. Let m(z) = -5*z - 15. Let y(g) = -6*m(g) + 7*n(g). Let b be y(-5). Let d(x) = x**2 - 6*x. Calculate d(b).
-9
Let n(m) = 19*m + 3*m + m**2 - 34*m - 6. What is n(10)?
-26
Let k = 9 + -5. Let v be k/(12/9) + -2. Suppose 5*y = -2*m + v, -5*m = -0*m + 3*y - 12. Let u(z) = z**3 - 3*z**2. What is u(m)?
0
Let v(x) = 2*x - 5. Suppose -4 = g, 0 = -2*q - 10*g + 6*g. Calculate v(q).
11
Let k(p) = -p**2 - 8*p + 1. Suppose g - 3*g = 14. Determine k(g).
8
Let s(k) be the first derivative of -k**3/3 - 2*k**2 - 18*k - 8. Let i(g) be the first derivative of s(g). Calculate i(-4).
4
Let o(z) = -14*z - 1 + 3 + 13*z + 0. Calculate o(10).
-8
Suppose 3029*t - 15 = 3032*t. Let r(s) = -2*s**2 - 7*s + 4. Let l(g) = -g - 1. Let o(u) = -l(u) + r(u). Calculate o(t).
-15
Let c(p) = 2*p**3 - 28*p**2 + 5*p + 38. Let t(f) = -f**3 + 15*f**2 - 2*f - 19. Let u(x) = 3*c(x) + 5*t(x). Determine u(8).
-5
Let t(q) = -3*q + 5. Suppose 0 = -4*w - 75 + 39. Give t(w).
32
Let q(m) = 6*m**2 + 8*m - m**3 + 4 - 4*m - 2*m**2 - 1. Let v be q(5). Let j(k) = -k - 1. Let t(n) = 5*n + 4. Let h(u) = -4*j(u) - t(u). Calculate h(v).
2
Let f(k) = -2*k**2 - k. Let j(m) = 5*m**2 + 2*m. Let a(h) = 7*f(h) + 3*j(h). Give a(-1).
2
Let l(a) = a**3 - 8 - 4*a**2 + 2 - 5*a**2 - 10*a. Suppose -4*d = 2*n - 36, -39 = -5*n + 4*d - 5. Calculate l(n).
-6
Let y(p) = 7*p**3 - 193921*p - 1 + 193921*p. Calculate y(1).
6
Let c = 0 + 9. Let b(w) = w**2 + 3*w - 2. Let f(i) = i**2 + 17*i - 16. Let l(v) = -2*b(v) + f(v). Give l(c).
6
Let c(m) = 3*m + 1. Suppose x + 5*j = 2 - 3, x = -4*j. Suppose 5*t = -x*t + 45. Suppose -2 = -2*k + 4*p, -t*k + 3*p - 8 - 1 = 0. Calculate c(k).
-8
Let i(t) = t**2 - 5*t - 9. Let p(k) = -22*k + 95. Let d be p(4). Give i(d).
5
Let j(d) be the third derivative of -d**8/20160 - d**5/60 - 6*d**2. Let l(b) be the third derivative of j(b). Calculate l(-2).
-4
Let w be 50/(-5)*4/(-10). Suppose -w*d - 2*d = -18. Let s = 1 - d. Let z(n) = 3*n**3 - 2*n + 1. What is z(s)?
-19
Let p(o) = o - 8. Let u(n) = 4*n + 5. Let s be u(4). Suppose h - 3*l + 3 = -0*l, -l - s = -4*h. Calculate p(h).
-2
Let d(h) = 361*h**2 - 2 - 2*h - 179*h**2 - 183*h**2 + h**3. Calculate d(-2).
-10
Let u(v) = -v**2 - 2. Let f(i) = 3*i**2 + 5. Let l(p) = 3*f(p) + 8*u(p). Determine l(0).
-1
Let o(b) = b**2 - b. Let l = -47 + 19. Let d = -28 - l. Give o(d).
0
Let l(g) = g - 35 - 3*g**2 - 28 + g**3 + 63. Give l(2).
-2
Suppose 0 = -3*f - 2*g - 15, -22 = 4*f - 3*f - 5*g. Let z(c) = 2*c + 5. Determine z(f).
-9
Let i(m) = -m. Let t = -48 + 43. Let g(d) = 6*d + 8. Let h(u) = t*i(u) - g(u). Let a = -2 - -2. Give h(a).
-8
Let o(w) = -8*w - 14. Let l(c) = -2*c - 3. Let f(v) = -9*l(v) + 2*o(v). Give f(3).
5
Let n = -21 + 18. Let u(y) = y + 74 - y**2 - 74. Calculate u(n).
-12
Let h(n) be the first derivative of -n**5/60 + 7*n**4/24 - 5*n**3/6 + 3*n**2/2 + 15. Let y(v) be the second derivative of h(v). Give y(6).
1
Let v(y) = 13*y**3 + 13*y**2 + 8*y + 6. Let n(i) = 37*i**3 + 38*i**2 + 23*i + 18. Let g(t) = -6*n(t) + 17*v(t). Suppose -2*u - 7 = 7. Calculate g(u).
8
Let u = 19 - 19. Suppose u = -7*s + s + 24. Let i(p) = -2*p**2 + 3*p + 4. Give i(s).
-16
Let n(y) = -15 + 15 - 3 + 2*y + y**3 - 4 + 4*y + 7*y**2. Give n(-5).
13
Let c(o) = o**2 + 4*o - 7. Let w = -35 - -22. Let i = 38 - 30. Let g = i + w. Give c(g).
-2
Let p(k) = k**3 + 5*k**2 + 1. Let j(u) = -20*u + 7*u + 8*u + 6*u**2 - 5 - u**3. Let x be j(5). Calculate p(x).
1
Let w(g) = -7*g**3 - 10*g**2 + 14*g + 14. Let p(k) = 3*k**3 + 5*k**2 - 7*k - 7. Let s(n) = 5*p(n) + 2*w(n). Give s(-6).
-1
Let g(q) = 10*q**2 + 25*q + 32. Let d(l) = -3*l**2 - 8*l - 10. Let a(z) = 7*d(z) + 2*g(z). Give a(-7).
-13
Let i be (5 + -4)*(-1)/(3/15). Let x(n) = 2*n**2 - n**2 - 5*n - 6 - n - 2*n**2. Determine x(i).
-1
Let v(q) = -q**3 + 5*q**2. Let s be v(6). Let d = s - -31. Let y(b) = b**3 + 4*b**2 - 4*b + 1. Give y(d).
-4
Let u = -47 - -82. Let f = 32 - u. Let x(p) = -p + 4. Give x(f).
7
Let p(i) be the first derivative of i**3/3 + 15*i**2/2 - 11*i + 6. Let m(n) = 2*n**2 + 29*n - 21. Let b(h) = 6*m(h) - 11*p(h). Give b(-10).
5
Let g = 0 - -3. Let v(i) = -7*i + i + g + 2*i + i. Suppose 3*c = -3*m, 5*m = -3*c + 3 + 3. Calculate v(m).
-6
Let v(y) = -21*y**3 + 9*y**2 + 23*y**3 - 3*y - 13 + 8*y. Let x(c) = 3*c**3 + 18*c**2 + 9*c - 26. Let d(z) = -5*v(z) + 3*x(z). Calculate d(9).
5
Let u(d) = -d**3 - 17*d**2 - 18*d - 31. Let k be u(-16). Let l(y) = 1 + 2*y - 2 + 0. Calculate l(k).
1
Let h be (4 + -6)*(3 + 2). Let r(u) = u**3 + 11*u**2 + 11*u + 6. Give r(h).
-4
Let p(q) = -q + 14. Let f(r) = -7*r + 43. Let v(h) = -6*h + 43. Let u(t) = 2*f(t) - 3*v(t). Let c = -5 - -7. Let w(k) = c*u(k) + 7*p(k). What is w(-6)?
6
Suppose -5*g + 68 = -l, 5*l + 45 = 2*g + 4. Let v(p) = p**2 - 14*p + 15. Determine v(g).
2
Suppose -i - 4*p - 308 = -6*i, -2 = p. Let j = i + -60. Let q(x) be the second derivative of x**4/12 + 3*x**2 + x. What is q(j)?
6
Let q(x) = x - 2. Let d be q(3). Let y = 4 + -2. Let b(v) = 11*v**3 - v**y - 4*v**3 + v**3 + v. Give b(d).
8
Let p(y) be the second derivative of y**4/12 - y**3 + y. Let a(t) = -2*t + 2. Let k be a(-1). Suppose i - 19 = -k*b, -2*i + b - 1 = -4*b. Give p(i).
7
Let q(l) = 10 - 3*l + 4*l - 2*l. Let z(g) = -2*g**2 + 3*g - 6. Let v be z(5). Let s = v - -48. Calculate q(s).
3
Let r = 6 - 4. Suppose -r*w + 0 = 6. Let s(n) = -1. Let j(d) = -d + 2. Let k(a) = j(a) + 5*s(a). What is k(w)?
0
Let n(v) = v**3 + 3*v**2 - 2*v + 2. Suppose -5*f = 3*f - 80. Suppose -2*u + 0 = p + f, -2*u - 5*p = 26. Determine n(u).
8
Let k(i) be the third derivative of -i**4/24 - i**3 - 184*i**2. Give k(-6).
0
Let p(h) = h**3 + 4*h**2 + 13*h + 96. Let w be p(-5). Let m(u) be the second derivative of 1/12*u**4 + 0 + w*u - 7/6*u**3 + 5/2*u**2. What is m(5)?
-5
Suppose 3*y = 3*a - 6, 0 = -y - a + 3*a. Let d(s) = -620*s - 6*s**2 + s**2 + 617*s - 1 - s**3. What is d(y)?
-5
Let d(p) = 0*p + 2 + 9 - 14 - p + 12. Suppose -5*j = -0*j. What is d(j)?
9
Let d(t) = -9*t + 5. Let m(x) = 38*x - 21. Let q(p) = 9*d(p) + 2*m(p). Calculate q(7).
-32
Let m(z) be the second derivative of -z**4/12 - 4*z**3/3 - 7*z**2/2 + 292*z. Suppose 3*k + 1 + 23 = 0. Determine m(k).
-7
Let d(u) = 33 - 53 + 4*u**2 + 2*u + u**3 - u**2 + 23. Let h(x) = x - 3. Let r be h(0). Calculate d(r).
-3
Let p(y) = 6*y + 18 - 11*y - 24 + 2*y. What is p(-5)?
9
Let b(i) = -i**3 + 5*i**2 - 4*i - 1. Let z(l) = 6*l**2 - 5*l - 1. Let w(s) = -4*b(s) + 3*z(s). Calculate w(2).
27
Let v(w) = 5*w**2 + 4*w**3 - w**2 - 3*w**3 + w. Let c = 28 + -27. Let n be -4*(7 - 6) - (0 - c). Determine v(n).
6
Let v(q) = 0*q - 5*q - 1 + q**2 + q. Let n(s) be the third derivative of s**4/8 - 11*s**3/3 + 6*s**2. Let f be n(9). Determine v(f).
4
Suppose 128 = 5*z + 27*z. Let k(b) = 35*b - 50. Let q(f) = 5*f - 7. Let v(t) = 2*k(t) - 15*q(t). Give v(z).
-15
Let d(w) = -8*w**3 + 2*w**2 + 2*w + 1. Let r = 120 + -116. Let s be 0 - 2/(-5)*(-10)/r. Calculate d(s).
9
Suppose -24*m - 30 = -27*m. Suppose -6*h = m + 8. Let n(f) = f**3 + 3*f**2 + 2*f - 1. Give n(h).
-7
Let y(u) = u**3 - 6*u**2 + 2*u + 1. Suppose v + 12 = 3*v. Determine y(v).
13
Let x(i) = -2*i - 3. Suppose -64 = 3*q + 101. Let n = q - -51. Determine x(n).
5
Let y(t) = t**2 + t - 1. Let k(x) = 4*x**2 + 12*x - 16. Let g(a) = k(a) - 5*y(a). Give g(6).
-5
Let m(n) = -n - 6. Let l(j) = -j**2 - 10*j + 24. Suppose v = -2*q - 12, -5*v = -6*v - q - 12. Let b be l(v). Determine m(b).
-6
Let f(c) = c**3 - 7*c**2 + 4*c - 2. Let l = 1651 + -1644. Give f(l).
26
Suppose -m = p + 3*m - 7, -m + 22 = -2*p. Let t be 2*p/(-6) + -3. Let y(g) = -g - 3. Calculate 